
Let w(f) = f - 1. Let u(n) = n + 8. Let d be u(-9). Let i(j) = -5*j + 12. Let b(z) = d*i(z) - 6*w(z). What is b(-3)?
-3
Let w(l) = 7*l**3 - 2*l**2 + 1. Suppose 0 = -0*v + v. Suppose -2*u + 3*i - 4 = v, 3*u - 2*i - 2 = 2. Suppose u - 1 = -3*q. Calculate w(q).
-8
Let x(o) = 2*o**2 + 2*o - 1. Let l be x(1). Let s = -3 + 4. Suppose -l = z + s. Let d(p) = -p**2 - 4*p - 5. Determine d(z).
-5
Let w(g) = 2*g + 6. Let n be w(-4). Let o(c) = 14*c**2 + 2*c + 3. Let v(l) = 14*l**2 + l + 2. Let y(q) = n*o(q) + 3*v(q). Determine y(1).
13
Let r(l) = -l - 1. Suppose 0 = 3*i + 2 + 4. Determine r(i).
1
Let a(b) be the third derivative of -b**4/6 + b**3/2 - 2*b**2. What is a(4)?
-13
Let v(z) = -z**2 - 9*z + 11. Let r(p) = -3*p - 3. Let q be r(2). Calculate v(q).
11
Let s be (((-98)/(-30))/7)/((-8)/(-5)). Let c(x) be the third derivative of s*x**4 + 1/6*x**3 + 0*x + 0 + 3*x**2. Calculate c(1).
8
Let p(f) = f**3 - 6*f**2 - 7*f - 7. Let t be p(7). Let q(k) be the first derivative of -k**2/2 - 6*k - 27. What is q(t)?
1
Let v(o) be the first derivative of 0*o + 1/120*o**6 - 1/3*o**3 - 1/20*o**5 + 1 + o**2 + 1/8*o**4. Let k(f) be the second derivative of v(f). Determine k(2).
0
Suppose -n - 4 = -1. Let f(p) be the second derivative of -p**3/6 - 3*p**2/2 - p. Calculate f(n).
0
Suppose 2*h + 4 = -5*b + 5*h, 5*b = -5*h + 20. Suppose y - 3 = b. Let q(u) = u**3 - 5*u**2 + 5*u + 3. What is q(y)?
7
Let l(m) = -135*m**3 + 65*m**3 - 2 + m + 69*m**3 + m**2. What is l(0)?
-2
Let h(o) = -5*o**3 + 9*o**2 - 3*o + 3. Let q(r) = 9*r**3 - 17*r**2 + 6*r - 5. Let d(f) = 11*h(f) + 6*q(f). Let p be d(-4). Let g(l) = l - 5. Give g(p).
2
Let y(t) = 2*t**2 - 9*t + 8. Suppose -3*w + 26 = 8. Calculate y(w).
26
Let k(z) be the first derivative of z**4/4 - z**3 - 2*z**2 + z + 16. What is k(4)?
1
Let d(n) be the second derivative of -n**3/3 - n**2/2 + 4*n. Give d(2).
-5
Let o(j) = -j**2 - 14*j + 7. Let r be o(-14). Let t(g) = -g**2 + 5*g + 6. Give t(r).
-8
Let s = -10 + 11. Let l(v) be the second derivative of v**5/10 - v**4/12 - v**3/6 + v**2/2 + v. Calculate l(s).
1
Let d(a) = 28*a + a**2 + 5 - 27*a - a**3 + 3. Give d(0).
8
Let i(h) = -h**2 + h - 2. Suppose p + 4 = -4*c + 33, -3*p - 17 = -c. Let s be (c/12)/(4/30). Let a(d) = d**3 - 6*d**2 + 6*d - 3. Let j be a(s). Determine i(j).
-4
Let p(n) = -5 + 12 + 2*n - n. Let q = 279 - 279. Determine p(q).
7
Suppose 0 = -4*f + 5*c - 18, 3*f - 2*c + 6*c = 2. Let p(v) = -v - 2. Let o(l) = -2. Let r(w) = f*p(w) + 3*o(w). Calculate r(5).
8
Let r be (4/(-6) - -1)/2. Let c(p) be the third derivative of 0*p + 0 - 1/2*p**3 - 1/30*p**5 + 1/120*p**6 + r*p**4 - p**2. Determine c(2).
5
Suppose -2*l - 5*i + 4 = -3*i, 0 = 5*l + 3*i - 18. Let g(r) = r**3 - 6*r**2 + 2*r + 1. Calculate g(l).
13
Let t(f) = -10*f + 3. Let n(q) = 7*q - 2. Let i(k) = -7*n(k) - 5*t(k). Let c be (-57)/(-76)*4/1. Determine i(c).
2
Suppose -2*m + 23 = 7. Let p = -6 + m. Suppose p*x = 6 - 16. Let j(o) = -o**2 - 4*o + 4. Calculate j(x).
-1
Let m(k) = 3*k + 3 - 4*k - 6 + 2. Calculate m(7).
-8
Let a(b) = -b**3 + 4*b**2 + 6*b - 1. Let w be a(5). Suppose m = -3*f - 3 + 23, 5*m + 52 = w*f. Let k = -5 + f. Let u(h) = -h**2 + 5*h + 2. Calculate u(k).
8
Let k(v) = 0*v**2 - v**2 + 3*v**3 - 1 + 3*v - v. Suppose x + 3 - 12 = 2*p, -17 = -x + 4*p. Determine k(x).
3
Let u(v) = v**3 + 0*v**3 - 2*v - 3*v**2 - 1 + v + 4. Let d = -37 - -40. What is u(d)?
0
Let t(w) be the first derivative of 3*w**4/2 + 10*w**3/3 - 2*w**2 - 3*w + 4. Let b(r) = 5*r**3 + 9*r**2 - 4*r - 2. Let s(f) = -7*b(f) + 6*t(f). Give s(3).
8
Let m(a) be the first derivative of 3*a**2/2 - 2*a - 59. Give m(-2).
-8
Let b(s) be the third derivative of 0 - 1/2*s**3 + 0*s - 1/120*s**6 + 1/12*s**5 - 5/24*s**4 - 2*s**2. Determine b(4).
-7
Let c(d) = 2*d**3 + d - 1. Suppose -4*a = -3*j - 13, -4*j + 3*a = 9 - 1. Determine c(j).
2
Let g(c) = c**3 + 5*c**2 - 3*c + 1. Let h(q) = 2*q**3 + 5*q**2 - 3*q. Let o(l) = -3*g(l) + 2*h(l). Suppose -f = -6*f - 60. Let p = -8 - f. Calculate o(p).
-7
Let g(a) = a**3 - 5*a**2 - 4*a + 6. Let l(s) = -3*s - 14. Let k be l(-6). Determine g(k).
-26
Suppose 3*g = -7 - 14. Let i(r) = r + 7. Calculate i(g).
0
Let q(l) = -l + 4492*l**2 - 4492*l**2 - 1 + 5*l**3. Give q(-1).
-5
Let t = 1 + 1. Let y(s) = -6*s - 3*s**3 + 4*s**3 - 5*s**t + 4*s + 7. Give y(5).
-3
Let c be (-1)/(-1*1/2). Let s(p) = -p - p - 3*p - 1 + 11 - p**c. Give s(-7).
-4
Let f = 9 + -11. Let y(m) = m**3 + 3*m**2 + 2. Give y(f).
6
Let l(b) = -b**3 + 6*b**2 - 3. Suppose -h - h + 12 = 0. Determine l(h).
-3
Let h(o) = -7*o**2 - 1. Let b(t) = t**2 + t + 1. Let v(l) = 2*b(l) + h(l). Determine v(-1).
-6
Let b(p) be the third derivative of p**4/12 + p**3/2 + 34*p**2. Give b(3).
9
Suppose -5*x + 15 = 5*g, 3*x + 0*x - 7 = -2*g. Let c(j) = 2*j - 3. Let d(k) = k**2 - 3*k + 5. Let q(p) = -5*c(p) - 3*d(p). Calculate q(x).
-4
Let b(j) = -4*j**2 - 3*j + 3. Let l(k) = -k**2 - k + 1. Let a = 0 + 2. Let x(s) = a*b(s) - 7*l(s). What is x(-3)?
-13
Suppose -4*f - 2*f - 30 = 0. Let y(w) = w**2 + 5*w. Determine y(f).
0
Let b(w) = -3*w - 5 + 4*w + 0*w. What is b(0)?
-5
Suppose 10 = -3*h - 2*h, 2*o - 2*h = 0. Let t(n) = n. What is t(o)?
-2
Let l(a) = a**3 - 3*a + 4*a + 0*a. Let u(q) = -q**3 - q**2 + q + 1. Let m(z) = l(z) - u(z). Let h(s) = 2*s**3 - 2*s**2 + 2*s - 1. Let p be h(1). What is m(p)?
2
Let z(o) = 7*o**2 - 2*o**3 + 1 + 2 - 4*o - 3*o**2. Let g be 1/3 - 118/(-6). Let l be 4/6 + g/15. Determine z(l).
-5
Let k(o) = -5*o**2 - 417*o**3 + o**2 + 0*o**2 + 420*o**3 + 3*o - 2. Suppose 4*q - 9 + 1 = 0. Determine k(q).
12
Let u(q) = -q**3 + q. Let b(z) be the first derivative of z**3/3 + 3*z**2 + 5*z - 2. Let n be b(-5). Determine u(n).
0
Let a be (-4)/(-12)*0/2. Let x(p) = 6 - p + a - 4 + p**3 + 0. What is x(0)?
2
Let u(n) be the second derivative of 0 + 1/2*n**2 + 1/3*n**3 - 1/20*n**5 + 3*n - 1/6*n**4. Suppose m = 0, 1 - 4 = k - 2*m. Calculate u(k).
4
Let s(u) = u**2 + u - 6. Let q be s(-5). Let h be 6/21 + 24/q. Let v(j) = 2*j + 12*j**h - 1 + 0*j - 11*j**2. What is v(2)?
7
Let k = -15 + 18. Suppose -5*t - r = 13, 5*t - 5*r + k*r + 4 = 0. Let w(i) = -i**2 - 2*i + 2. Determine w(t).
2
Let u(y) be the third derivative of -2/3*y**3 + 1/60*y**5 + 0*y - 2*y**2 - 1/6*y**4 + 0. Give u(4).
-4
Let w be -1 + 0 + (1 - 0). Let m(b) = b - 2 + w + 3. Let c = 242 - 243. Determine m(c).
0
Let y = 11 - 15. Let z(l) = -2*l - 1. Give z(y).
7
Suppose 2*u - 7*u - 5 = 0. Let x(b) = 2*b**2 + 4*b + 2. Let y be x(-2). Let w(q) = q**2 + q**2 + 0*q**2 - 3*q**y - q. Determine w(u).
0
Suppose 2 = -4*p + 6. Let g(o) = 4*o - 1. What is g(p)?
3
Let o(s) = -s**3 - 4*s**2 - 3*s + 1. Suppose 4*m - 3*c = -8*c + 13, 2*c = m + 13. What is o(m)?
1
Let r(o) = 5*o - 26. Let u(c) = 2*c - 9. Let k(w) = -3*r(w) + 8*u(w). Give k(-6).
0
Let j(x) = 5*x - 3 + 3*x**2 - 4*x**2 + 1 + 3. Let l = 14 + -10. Determine j(l).
5
Let d(y) be the first derivative of -y**2 - 4*y - 1. Let x(f) = f**3 + 5*f**2 + 4*f - 6. Let q be x(-4). What is d(q)?
8
Let r(c) be the first derivative of c**3 - c**2 + c - 12. What is r(1)?
2
Let p(x) = -6*x**3 + 3 + 3*x**2 + 6*x - 8 + 5*x**3. Calculate p(4).
3
Let x(l) = 2*l - 1. Suppose 0 = 5*c - 0*c - 20. Determine x(c).
7
Let d(a) = 2*a - 5*a - 4*a**2 + 4*a. Give d(1).
-3
Let m(f) = -6*f - 3. Let y be 6/(-2) - (3 + 2). Let j(p) = -p**2 + 2*p - 3. Let g be j(3). Let i = y - g. Calculate m(i).
9
Suppose 3*y - 5 = 7. Suppose -4*i = -q + 22, 0*i - 5*i - 17 = y*q. Let u(z) = -4*z + 3 - q - 2. Give u(-2).
7
Let j be 1/((-30)/9 - -3). Suppose k - 2*k = -f + 8, 15 = -3*k. Let z(i) = -3*i**3 + 2*i**3 + 3 - f*i**2 - i + 0*i. What is z(j)?
6
Suppose 3*r + 0*r = 3. Let z(g) be the third derivative of 0*g**3 + 0 + 7/24*g**4 + 3*g**2 + 0*g. Calculate z(r).
7
Suppose 4*j = -0*j, 0 = 4*u + 2*j - 80. Suppose -3*a = -7 + 1. Suppose -a*c = 2*c + u. Let p(n) = n**3 + 5*n**2 + 1. What is p(c)?
1
Let j be (-3)/((-43)/(-23) + -2). Let f = j - 21. Let h(u) = -3*u - 2. What is h(f)?
-8
Suppose -5 = 6*g - 7*g. Let m(t) = -t**3 + 5*t**2 + t + 6. Determine m(g).
11
Suppose 0*k - 2*k = -6. Let d(t) = 2*t**2 - t - 3*t**2 + 4*t. Let z be d(k). Let y(g) = g + 1. Calculate y(z).
1
Let j(m) = 3*m**3 + m**2 + 2*m - 2. Let t(i) = 2*i**3 + i - 2. Let n(x) = 3*j(x) - 4*t(x). Calculate n(-2).
2
Let y(t) = -2*t + 4. Suppose 0 = 5*z + 29 + 16. Let k(